rs of 233055.
3, 5, 5179
What are the prime factors of 6331483?
29, 109, 2003
List the prime factors of 86012.
2, 21503
List the prime factors of 4707771.
3, 1569257
List the prime factors of 2460493.
7, 313, 1123
List the prime factors of 101289.
3, 19, 1777
List the prime factors of 89167.
13, 19
List the prime factors of 355657.
17, 20921
List the prime factors of 11558946.
2, 3, 7, 17, 16189
List the prime factors of 681048.
2, 3, 1051
List the prime factors of 956473.
7, 107, 1277
List the prime factors of 93727.
19, 4933
List the prime factors of 81964.
2, 31, 661
List the prime factors of 559772.
2, 139943
What are the prime factors of 14604875?
5, 31, 3769
What are the prime factors of 111826?
2, 11, 13, 17, 23
What are the prime factors of 7496096?
2, 433, 541
List the prime factors of 847198.
2, 11, 97, 397
List the prime factors of 11908.
2, 13, 229
What are the prime factors of 1455139?
7, 207877
What are the prime factors of 666228?
2, 3, 59, 941
List the prime factors of 764435.
5, 7, 21841
What are the prime factors of 5599?
11, 509
What are the prime factors of 621483?
3, 23, 9007
List the prime factors of 2830489.
2830489
List the prime factors of 90368.
2, 353
What are the prime factors of 2069794?
2, 307, 3371
What are the prime factors of 41751?
3, 4639
What are the prime factors of 183774?
2, 3, 109, 281
List the prime factors of 2820828.
2, 3, 235069
List the prime factors of 25185220.
2, 5, 89, 14149
List the prime factors of 243632.
2, 15227
What are the prime factors of 3833198?
2, 1916599
What are the prime factors of 389209?
29, 13421
What are the prime factors of 33183586?
2, 16591793
What are the prime factors of 423649?
423649
List the prime factors of 1807998.
2, 3, 301333
List the prime factors of 5893760.
2, 5, 9209
What are the prime factors of 1028423?
11, 93493
What are the prime factors of 650682?
2, 3, 37, 977
What are the prime factors of 10780396?
2, 11, 491, 499
What are the prime factors of 12913539?
3, 229, 18797
List the prime factors of 3011762.
2, 13, 115837
What are the prime factors of 3340457?
173, 19309
List the prime factors of 406033.
47, 53, 163
List the prime factors of 5966257.
11, 29, 59, 317
List the prime factors of 5304011.
61, 86951
List the prime factors of 3258844.
2, 31, 41, 641
List the prime factors of 381579.
3, 11, 31, 373
List the prime factors of 24296531.
7, 37, 93809
List the prime factors of 220021.
220021
List the prime factors of 2194350.
2, 3, 5, 14629
List the prime factors of 1394439.
3, 464813
What are the prime factors of 255439?
157, 1627
List the prime factors of 26588457.
3, 7, 53, 7963
List the prime factors of 109236.
2, 3, 9103
List the prime factors of 685436.
2, 349, 491
List the prime factors of 209412.
2, 3, 7, 277
What are the prime factors of 202073?
397, 509
What are the prime factors of 12328469?
67, 184007
List the prime factors of 7657376.
2, 271, 883
What are the prime factors of 1045197?
3, 38711
What are the prime factors of 8108196?
2, 3, 821, 823
List the prime factors of 116421.
3, 151, 257
What are the prime factors of 402116?
2, 11, 13, 19, 37
List the prime factors of 66577.
7, 9511
List the prime factors of 2665518.
2, 3, 444253
What are the prime factors of 5960200?
2, 5, 17, 1753
List the prime factors of 2396180.
2, 5, 119809
List the prime factors of 21329319.
3, 11, 353, 1831
What are the prime factors of 16311217?
13, 61, 67, 307
List the prime factors of 16958950.
2, 5, 37, 89, 103
What are the prime factors of 2790472?
2, 149, 2341
List the prime factors of 266232.
2, 3, 11093
What are the prime factors of 17398588?
2, 401, 10847
What are the prime factors of 729250?
2, 5, 2917
List the prime factors of 1090233.
3, 149, 271
List the prime factors of 13350686.
2, 6675343
List the prime factors of 1116476.
2, 279119
What are the prime factors of 1192329?
3, 17, 7793
List the prime factors of 8650128.
2, 3, 180211
What are the prime factors of 1082170?
2, 5, 108217
List the prime factors of 11911538.
2, 53, 103, 1091
List the prime factors of 26886028.
2, 13, 67, 7717
List the prime factors of 3440227.
7, 491461
What are the prime factors of 687?
3, 229
List the prime factors of 371.
7, 53
What are the prime factors of 300769?
7, 42967
What are the prime factors of 228778?
2, 11, 10399
List the prime factors of 6682766.
2, 101, 33083
List the prime factors of 424947.
3, 141649
List the prime factors of 421232.
2, 7, 3761
What are the prime factors of 247811?
247811
List the prime factors of 1189020.
2, 3, 5, 7, 19, 149
What are the prime factors of 222892?
2, 103, 541
What are the prime factors of 5754827?
13, 149, 2971
What are the prime factors of 1605293?
17, 89, 1061
List the prime factors of 3134198.
2, 59, 26561
List the prime factors of 2322745.
5, 464549
List the prime factors of 71480.
2, 5, 1787
List the prime factors of 391403.
391403
List the prime factors of 21009185.
5, 4201837
List the prime factors of 12635730.
2, 3, 5, 53, 883
What are the prime factors of 815876?
2, 203969
What are the prime factors of 246293?
163, 1511
What are the prime factors of 14803414?
2, 7401707
What are the prime factors of 6356005?
5, 1271201
List the prime factors of 832210.
2, 5, 83221
What are the prime factors of 1531609?
19, 80611
What are the prime factors of 9954755?
5, 1990951
What are the prime factors of 2050986?
2, 3, 7, 47, 1039
What are the prime factors of 21649489?
277, 78157
List the prime factors of 784359.
3, 87151
List the prime factors of 3580357.
11, 325487
What are the prime factors of 596841?
3, 7, 97, 293
List the prime factors of 336230.
2, 5, 33623
What are the prime factors of 305563?
305563
List the prime factors of 896061.
3, 298687
What are the prime factors of 154108?
2, 59, 653
What are the prime factors of 808944?
2, 3, 19, 887
List the prime factors of 161297.
101, 1597
List the prime factors of 1559815.
5, 311963
What are the prime factors of 23396391?
3, 19, 59, 773
List the prime factors of 30875.
5, 13, 19
What are the prime factors of 26739885?
3, 5, 29, 61471
List the prime factors of 4482627.
3, 773, 1933
List the prime factors of 28759219.
28759219
List the prime factors of 303291.
3, 47, 239
List the prime factors of 4658179.
1669, 2791
List the prime factors of 772475.
5, 11, 53
List the prime factors of 2479850.
2, 5, 49597
List the prime factors of 417976.
2, 13, 4019
What are the prime factors of 4793388?
2, 3, 17, 23497
List the prime factors of 4266029.
4266029
What are the prime factors of 2934295?
5, 7, 13, 6449
List the prime factors of 2617169.
2617169
What are the prime factors of 360322?
2, 180161
What are the prime factors of 175698?
2, 3, 43, 227
What are the prime factors of 1849445?
5, 13, 37, 769
What are the prime factors of 6568431?
3, 2189477
List the prime factors of 2966442.
2, 3, 494407
List the prime factors of 187883.
187883
List the prime factors of 1375223.
1375223
List the prime factors of 2078280.
2, 3, 5, 23, 251
What are the prime factors of 994700?
2, 5, 7, 29
What are the prime factors of 506604?
2, 3, 7, 37, 163
List the prime factors of 2632843.
83, 31721
What are the prime factors of 18318415?
5, 1531, 2393
What are the prime factors of 36034?
2, 43, 419
List the prime factors of 1734670.
2, 5, 7, 24781
List the prime factors of 175308.
2, 3, 7, 2087
List the prime factors of 977024.
2, 17, 449
List the prime factors of 61632.
2, 3, 107
List the prime factors of 539065.
5, 131, 823
List the prime factors of 6514759.
6514759
What are the prime factors of 8770707?
3, 11, 29531
List the prime factors of 5574403.
113, 49331
What are the prime factors of 15136888?
2, 13, 145547
List the prime factors of 37938.
2, 3, 6323
What are the prime factors of 17875839?
3, 47, 97, 1307
What are the prime factors of 214317?
3, 23813
What are the prime factors of 6576265?
5, 1315253
What are the prime factors of 4271941?
19, 151, 1489
What are the prime factors of 7302610?
2, 5, 7, 104323
What are the prime factors of 24233753?
24233753
List the prime factors of 15735631.
31, 97, 5233
What are the prime factors of 30582?
2, 3, 1699
What are the prime factors of 229583?
229583
What are the prime factors of 2087497?
2087497
What are the prime factors of 997169?
17, 58657
What a